{"id":476,"date":"2023-09-10T18:53:56","date_gmt":"2023-09-10T18:53:56","guid":{"rendered":"http:\/\/pubweb.carnet.hr\/zupazamet\/?page_id=476"},"modified":"2026-02-17T16:59:05","modified_gmt":"2026-02-17T16:59:05","slug":"raspored-svetih-misa","status":"publish","type":"page","link":"https:\/\/zupazamet.hr\/?page_id=476","title":{"rendered":"RASPORED SVETIH MISA"},"content":{"rendered":"<h3 style=\"text-align: center\"><u><strong>SVETE MISE TIJEKOM CIJELE GODINE:<\/strong><\/u><\/h3>\n<table>\n<tbody>\n<tr>\n<td><strong>MISE KROZ TJEDAN:<\/strong><\/td>\n<td><span style=\"font-size: 14px\">08:00, 18:30<\/span><\/td>\n<\/tr>\n<tr>\n<td><strong>MISE NEDJELJOM:<\/strong><\/td>\n<td><span style=\"font-size: 14px\">08:00, 09:30, 11:00, 18:30<\/span><\/td>\n<\/tr>\n<\/tbody>\n<\/table>\n<h3 style=\"text-align: center\"><u>SVETE MISE LJETI, U SRPNJU I KOLOVOZU:<\/u><\/h3>\n<table>\n<tbody>\n<tr>\n<td><strong>PONEDJELJAK, SRIJEDA, PETAK:<\/strong><\/td>\n<td><span style=\"font-size: 14px\">20:00<\/span><\/td>\n<\/tr>\n<tr>\n<td><strong>UTORAK, \u010cETVRTAK, SUBOTA:<\/strong><\/td>\n<td><span style=\"font-size: 14px\">08:00<\/span><\/td>\n<\/tr>\n<tr>\n<td><strong>MISE NEDJELJOM:<\/strong><\/td>\n<td><span style=\"font-size: 14px\">08:00, 09:30, 20:00<\/span><\/td>\n<\/tr>\n<\/tbody>\n<\/table>\n<h3 style=\"text-align: center\"><u>KONTAKTI:<\/u><\/h3>\n<table border=\"1\" cellspacing=\"1\" cellpadding=\"1\" align=\"left\">\n<tbody>\n<tr>\n<td style=\"width: 232px\"><strong>Adresa:<\/strong><\/td>\n<td style=\"width: 438px\">\u017dupni ured Srca Isusova<br \/>\nIvana Lenca 1 &#8211; ZAMET<br \/>\n51000 Rijeka,<br \/>\nCROATIA<br \/>\nTel.: 00385 51 264 031<\/td>\n<\/tr>\n<tr>\n<td style=\"width: 232px\"><strong>e-mail<\/strong>:<\/td>\n<td style=\"width: 438px\"><a href=\"mailto:zupni.ured.srca.isusova@gmail.com\">zupni.ured.srca.isusova@gmail.com<\/a><\/td>\n<\/tr>\n<tr>\n<td style=\"width: 232px\"><strong>Broj ra\u010duna\u00a0IBAN<\/strong>:<\/td>\n<td style=\"width: 438px\">HR1323600001101298657<\/td>\n<\/tr>\n<tr>\n<td style=\"width: 232px\"><strong>Uredovno vrijeme<\/strong> <strong>\u017eupnog ureda:<\/strong><\/td>\n<td style=\"width: 438px\">OD UTORKA DO PETKA:\u00a09-10, 17-18<br \/>\nLJETI, TIJEKOM SRPNJA I KOLOVOZA: 45 MINUTA NAKON JUTARNJE MISE (Utorkom, \u010detvrtkom i subotom), TE 45 MINUTA PRIJE VE\u010cERNJE MISE (Ponedjeljkom, srijedom i petkom)<\/td>\n<\/tr>\n<tr>\n<td style=\"width: 232px\"><strong>Prijava Kr\u0161tenja:<\/strong><\/td>\n<td style=\"width: 438px\"><em><a href=\"https:\/\/www.e-zupe.com\/najava\/krstenje\/zupa-zamet\">https:\/\/www.e-zupe.com\/najava\/krstenje\/zupa-zamet<\/a><\/em><\/p>\n<ul>\n<li>Potrebno je prethodno dogovoriti datum u \u017eupnom uredu,<\/li>\n<li>Kum treba posvjedo\u010denje za kumstvo,<\/li>\n<li>Kopija rodnog lista djeteta radi provjere podataka.<\/li>\n<\/ul>\n<\/td>\n<\/tr>\n<tr>\n<td style=\"width: 232px\"><strong>Prijava Vjen\u010danja:<\/strong><\/td>\n<td style=\"width: 438px\"><a href=\"https:\/\/www.e-zupe.com\/prijava_vjencanje\">https:\/\/www.e-zupe.com\/prijava_vjencanje<\/a><\/p>\n<ul>\n<li>Potrebno je prethodno dogovoriti datum u \u017eupnom ured<\/li>\n<li>Izvaditi krsne listove zaru\u010dnika u \u017eupi kr\u0161tenja<\/li>\n<li>Obaviti zaru\u010dni\u010dki te\u010daj.<\/li>\n<\/ul>\n<\/td>\n<\/tr>\n<tr>\n<td style=\"width: 232px\"><strong>Prijava za blagoslov obitelji:<\/strong><\/td>\n<td style=\"width: 438px\"><a href=\"https:\/\/www.e-zupe.com\/najava\/blagoslov\/zupa-zamet\">https:\/\/www.e-zupe.com\/najava\/blagoslov\/zupa-zamet<\/a><\/p>\n<ul>\n<li>Prijavnicu u \u017eupu popunjavaju svi \u017eupljani \u017eupe,<\/li>\n<li>OiB nije obavezan ali zbog uvezanosti podataka sa \u017eupnim maticama koristan je u prepoznavanju osobe,<\/li>\n<li>U napomenama unijeti specifi\u010dnost obitelji, ako je neki \u010dlan bolestan ili trenutno odsutan.<\/li>\n<\/ul>\n<\/td>\n<\/tr>\n<\/tbody>\n<\/table>\n<div id=\"metaslider-id-1158\" style=\"max-width: 350px; margin: 0 auto;\" class=\"ml-slider-3-105-0 metaslider metaslider-nivo metaslider-1158 ml-slider has-dots-nav ms-theme-default\" role=\"region\" aria-label=\"Veliki Tjedan 2020\" data-height=\"250\" data-width=\"350\">\n    <div id=\"metaslider_container_1158\">\n        <div class='slider-wrapper theme-default'><div class='ribbon'><\/div><div id='metaslider_1158' class='nivoSlider'><img loading=\"lazy\" decoding=\"async\" src=\"https:\/\/zupazamet.hr\/wp-content\/uploads\/sites\/131\/2021\/04\/Bozji_grob-350x250.jpg\" height=\"250\" width=\"350\" data-caption=\"Bo\u017eji Grob\" title=\"Bozji_grob\" alt=\"Bo\u017eji Grob\" class=\"slider-1158 slide-1159 msDefaultImage\" \/><img loading=\"lazy\" decoding=\"async\" src=\"https:\/\/zupazamet.hr\/wp-content\/uploads\/sites\/131\/2021\/04\/Bo\u017eji-grob-2021-1-manje-350x250.jpg\" height=\"250\" width=\"350\" data-caption=\"Bo\u017eji grob 2021\" title=\"Bo\u017eji grob 2021\" alt=\"Bo\u017eji grob 2021\" class=\"slider-1158 slide-1224 msDefaultImage\" \/><img loading=\"lazy\" decoding=\"async\" src=\"https:\/\/zupazamet.hr\/wp-content\/uploads\/sites\/131\/2021\/04\/Bo\u017eji-grob-2021-3-350x250.jpg\" height=\"250\" width=\"350\" data-caption=\"Bo\u017eji grob 2021-3\" title=\"Bo\u017eji grob 2021-3\" alt=\"Bo\u017eji grob 2021-3\" class=\"slider-1158 slide-1226 msDefaultImage\" \/><\/div><\/div>\n        \n    <\/div>\n<\/div>\n","protected":false},"excerpt":{"rendered":"<p>SVETE MISE TIJEKOM CIJELE GODINE: MISE KROZ TJEDAN: 08:00, 18:30 MISE NEDJELJOM: 08:00, 09:30, 11:00, 18:30 SVETE MISE LJETI, U SRPNJU I KOLOVOZU: PONEDJELJAK, SRIJEDA, PETAK: 20:00 UTORAK, \u010cETVRTAK, SUBOTA: 08:00 MISE NEDJELJOM: 08:00, 09:30, 20:00 KONTAKTI: Adresa: \u017dupni ured &hellip;<\/p>\n<p class=\"read-more\"> <a class=\"more-link\" href=\"https:\/\/zupazamet.hr\/?page_id=476\"> <span class=\"screen-reader-text\">RASPORED SVETIH MISA<\/span> Read More &raquo;<\/a><\/p>\n","protected":false},"author":123,"featured_media":0,"parent":0,"menu_order":0,"comment_status":"closed","ping_status":"closed","template":"","meta":{"footnotes":""},"class_list":["post-476","page","type-page","status-publish","hentry"],"_links":{"self":[{"href":"https:\/\/zupazamet.hr\/index.php?rest_route=\/wp\/v2\/pages\/476","targetHints":{"allow":["GET"]}}],"collection":[{"href":"https:\/\/zupazamet.hr\/index.php?rest_route=\/wp\/v2\/pages"}],"about":[{"href":"https:\/\/zupazamet.hr\/index.php?rest_route=\/wp\/v2\/types\/page"}],"author":[{"embeddable":true,"href":"https:\/\/zupazamet.hr\/index.php?rest_route=\/wp\/v2\/users\/123"}],"replies":[{"embeddable":true,"href":"https:\/\/zupazamet.hr\/index.php?rest_route=%2Fwp%2Fv2%2Fcomments&post=476"}],"version-history":[{"count":2,"href":"https:\/\/zupazamet.hr\/index.php?rest_route=\/wp\/v2\/pages\/476\/revisions"}],"predecessor-version":[{"id":2305,"href":"https:\/\/zupazamet.hr\/index.php?rest_route=\/wp\/v2\/pages\/476\/revisions\/2305"}],"wp:attachment":[{"href":"https:\/\/zupazamet.hr\/index.php?rest_route=%2Fwp%2Fv2%2Fmedia&parent=476"}],"curies":[{"name":"wp","href":"https:\/\/api.w.org\/{rel}","templated":true}]}}